 + 4*n + 136, -5*s - 2*n - 204 + 774 = 0. What is the units digit of s?
6
Suppose -3*x = x + 60. What is the tens digit of 10/x + 113/3?
3
What is the units digit of 2 + (-1062)/(-26) - 2/(-13)?
3
Let l(p) = 27 + 12*p**2 - 9*p - 21 - p**2 - p**3. What is the tens digit of l(10)?
1
Suppose 340 = 5*a - 150. What is the units digit of a?
8
What is the tens digit of (-4 + 1 + -1)/((-6)/111)?
7
Let x(l) = -3*l - 9. Let n be x(-9). Let c = 1 + n. What is the units digit of c?
9
Let z be ((-4)/6 + -1)*-3. Let p(o) = 6 + 2*o - 6*o + 2*o**2 + 0*o + 4*o**2 - o**3. What is the tens digit of p(z)?
1
Suppose -3*q - 5*j - 34 = 0, -4*q - j + 2*j = 7. Let d = -1 - q. Let i = d + 1. What is the units digit of i?
3
Let a(o) = -6*o - 3. Let j be a(-3). Let y = -8 + 10. Suppose -y*m = -2*q, -m + q + j = 3*m. What is the units digit of m?
5
Suppose l = -2*p + 51, p = 4*l + 1 + 47. What is the tens digit of p?
2
Suppose 0 = -4*h + i - 2*i + 334, 158 = 2*h + 5*i. What is the units digit of h?
4
Let v = 3 + -1. Suppose 0*r + 13 = -2*r + 3*j, 4*j = -v*r + 22. What is the units digit of r?
1
Let w(j) = 6*j**2 - 9*j + 19. What is the tens digit of w(6)?
8
Let g(t) = 2*t**2 + 5*t - 11. Let a(y) = -5*y**2 + 0 + 6 - 3*y + 4*y**2. Let x(m) = 7*a(m) + 4*g(m). What is the units digit of x(-2)?
4
What is the units digit of (-4 - -43) + (-2)/2?
8
Suppose -6*d + a = -d - 457, -2*a = 5*d - 451. What is the units digit of d?
1
Let w(v) = -v**2 - 5*v - 4. Let u be w(-3). Suppose 0 = -u*g + b + 74, 0 = g + 3*g + 3*b - 128. What is the tens digit of g?
3
Let r(c) = 12*c**2 - 5*c. What is the units digit of r(2)?
8
Let w be (-2)/(2 + -3) + 2. Let p(r) = w + r - 3*r - 3 + 6*r**2. What is the units digit of p(1)?
5
Suppose 2*a - 9 = -101. Let p be 2/(-7) + a/(-14). Let l = 6 - p. What is the units digit of l?
3
Let i(g) = 2*g**2 - 10*g - 11. What is the units digit of i(8)?
7
Let d = 108 - 57. What is the tens digit of d?
5
Let j = -97 - -254. What is the tens digit of j?
5
Suppose -6*b = -12*b + 204. What is the units digit of b?
4
What is the hundreds digit of (-19280)/(-90) + (-4)/18?
2
Let k(y) = -y**2 + 15*y. Let u be k(7). Suppose 4*f + 0*f = q + 36, 0 = 4*f + 4*q - u. What is the tens digit of f?
1
Let i(g) be the second derivative of -2*g + 1/12*g**4 - 2*g**2 + 0 - 2/3*g**3. What is the units digit of i(5)?
1
Suppose 6*h = 179 + 49. What is the units digit of h?
8
Let r(z) = -z. Let k(b) = -b**3. Let o be k(1). What is the units digit of r(o)?
1
Suppose -n = -5*s - 90, 0 = -3*n + 6*n - 4*s - 325. What is the units digit of n?
5
Suppose 5*w - 3 - 18 = -3*i, -w - 7 = -5*i. Let g = 10 - w. What is the units digit of g?
7
Suppose -3*z - 2*z = 10. Let g(k) = -21*k. What is the tens digit of g(z)?
4
Let z = -51 - -82. What is the units digit of z?
1
Let n = -1 + 10. Suppose -2*p + 7 + n = 0. What is the units digit of p?
8
Let b be -7 + 3 - (-4 - 0). Suppose -3*p + p - 9 = 5*u, u = p + 8. Let t = b - p. What is the units digit of t?
7
Let w = 28 + -25. Suppose 2*q = w*u - 128, -u - 2*u + 108 = 3*q. What is the units digit of u?
0
Let c be (-2)/((-3)/(2 + 25)). Suppose 0 = f + 2*f - c. What is the units digit of f?
6
Suppose 3 = -m + 2, 3*m = 2*j - 9. Suppose 10 = 2*k + j*k. What is the units digit of -7*(40/(-14) + k)?
6
What is the units digit of (-3234)/14*(-1)/3?
7
Let a(f) = f**3 - 4*f**2 + 5*f - 26. What is the units digit of a(6)?
6
Let k(s) = -s**2 + 9*s + 3. Let o(y) = y**2 - 2*y - 6. Let l be o(5). Let b be k(l). Let h = b + 10. What is the tens digit of h?
1
Let a be 79/2*16/8. Let b = a + -50. What is the tens digit of b?
2
Let d = -3 + 6. Let r = d + -5. What is the units digit of (-1 + 2)*11 + r?
9
Let a be 2 + 1 + 0 + 0. Let h = 5 + a. Suppose 0 = -4*y - 0*y + h. What is the units digit of y?
2
Let f be 18/(-15)*(6 - 1). Let y = 28 - f. What is the tens digit of y?
3
What is the tens digit of (1155/(-14))/((-6)/8)?
1
Let x be (2 - 14/6)*-15. Let k = x + 15. Suppose -k = -i - 2*i + 4*g, i - 13 = -5*g. What is the units digit of i?
8
Suppose 0 = 2*n - 4*z - 224, -2*n - 4*z + 180 = -12. What is the units digit of n?
4
Let t be (-1)/(-2*1/4). Let m = 8 - t. What is the units digit of m?
6
Suppose -3*z + 2 = 2*y - 2, -5*y = -5*z - 10. Suppose -3*j + 4*j - 34 = z. What is the tens digit of j?
3
Let l = 118 - 65. What is the tens digit of l?
5
Let y = 7 + -1. What is the units digit of ((-32)/(-24))/(4/y)?
2
Suppose 2*h - 181 = -3*r + 118, 0 = 3*h - 5*r - 458. What is the hundreds digit of h?
1
Let w be ((-1)/2)/((-1)/(-14)). Let i = -5 - w. Suppose 2 - 4 = -i*a. What is the units digit of a?
1
Let p be (-14)/18 - (-4)/(-18). Let g = 4 + p. Suppose -4*b = -5*b + g. What is the units digit of b?
3
Let i(x) = -5*x**3 - 4*x**2 - 4*x - 9. What is the tens digit of i(-3)?
0
Suppose 594 = -193*k + 195*k. What is the tens digit of k?
9
Let z be (-245)/(-20) + 2/(-8). Let w = z + 15. What is the tens digit of w?
2
Suppose 0 = 2*o - 5 + 55. Let t = 37 + o. What is the units digit of t?
2
Let y = -6 - -1. What is the units digit of ((-20)/(-6))/y*-24?
6
Let x(g) = g + 7. Let t be x(7). Let o = 1 + t. Suppose o = 2*q + 3*q. What is the units digit of q?
3
Let h = -11 - -6. Suppose 14 = -z - 5*u, -z = 3*z - 4*u + 8. What is the units digit of (16/h)/(z/10)?
8
Let k(d) = d + 3. Let o = 20 + -5. What is the tens digit of k(o)?
1
Suppose 2*y + 3*d = 333, 4*y - 5*d - 696 = -d. What is the hundreds digit of y?
1
Let o be -1 + 1 + 1 + 1. Suppose -o*u = u - 18. Let l = 7 - u. What is the units digit of l?
1
Suppose -k = k - 8. Let h be (-4976)/(-28) - k/(-14). What is the tens digit of (-2)/11 + h/11?
1
What is the hundreds digit of (-472)/(-4) + (-1 - 0)?
1
Suppose -3*a + 64 = -a. What is the tens digit of a?
3
Let w be (-14)/(-49) + 19/7. Suppose 2*l - 48 = -2*h - 0*l, 0 = -3*l + w. What is the tens digit of h?
2
Let t(f) = 2*f - 6. Let y be t(4). Suppose 84 = 5*i - y*i. Suppose -2*g + 46 = 4*x - i, 0 = 2*x - 5*g - 7. What is the units digit of x?
6
Let q(x) = 3*x - 3. Let z(b) be the second derivative of -b**5/20 - 5*b**4/12 - b**3 - 5*b**2/2 + b. Let p be z(-4). What is the units digit of q(p)?
6
Suppose -81 - 9 = -3*h. Suppose -4*k - 5*f + 63 = 0, -3*k + 4*f = 6 - h. What is the units digit of k?
2
Suppose -r + 4*d = 19, 57 = -3*r + d + d. Let m be (-1)/(-2 - -3) - r. Suppose -4*y + 2 = -5*l + m, -13 = 3*y - 4*l. What is the units digit of y?
1
Let t(s) = -3*s + 5*s**2 - 3*s**2 - 2 + 0*s + 2*s**2. What is the tens digit of t(3)?
2
Suppose x + 5*x = 318. What is the tens digit of x?
5
Let l(o) = o**2 + 2*o - 3. Suppose 0 = 6*p - p. Suppose -4 = t - p*t. What is the units digit of l(t)?
5
Suppose l - 7*y - 41 = -3*y, 89 = 2*l - y. What is the units digit of l?
5
Let a(w) = -7*w - 7. Let c(b) = 18*b + 18. Let m(f) = 12*a(f) + 5*c(f). What is the tens digit of m(3)?
2
What is the units digit of (-310 + 1)/(4 + -7)?
3
Suppose 2*j - 11 - 1 = -4*v, 4*j - 3*v = -20. What is the tens digit of 14 - 0/(-3 - j)?
1
Let p be -2 + 1 + 1 + 1. Suppose o + 0*o = p. Let r(q) = 17*q. What is the units digit of r(o)?
7
Let w(m) = -m**2 + 9*m - 4. Let u be w(8). Suppose -u*o + 53 - 5 = 0. What is the tens digit of o?
1
Suppose 5*k + 25 = 5*i, i - 32 = -4*i - 2*k. Let n(z) = -z + 6. Let j be n(i). Suppose 0 = -j*s + 5*s - 65. What is the units digit of s?
3
Let j = -250 - -364. What is the units digit of j?
4
What is the tens digit of (-5 - -5) + (-38)/(-1)?
3
Suppose -2*r - 2*r = 5*o - 190, -4*r = o - 198. What is the units digit of r?
0
What is the tens digit of (-2)/(1/(172/(-8)))?
4
Suppose -l - 124 = -4*i + 2*l, 2*i + l - 72 = 0. What is the units digit of i?
4
What is the tens digit of ((-4)/5)/(20/(-2350))?
9
Let k(o) = -o**2 + 4*o - 3. Let h be k(-6). What is the units digit of (-14)/h + 176/18?
0
Let i(d) = -6*d**2 + 2 + d - 5 - 2*d**3 - 2*d + d**3. What is the units digit of i(-6)?
3
Let w = -13 + 6. Let m = 19 + w. What is the units digit of m?
2
Let v(d) = d**2 - 6 - 5*d + d - d. Let q be v(7). Let z(w) = -w**2 + 8*w + 1. What is the units digit of z(q)?
1
Let m = -11 - -14. Suppose -i = i - 4*s - 82, m*i = -2*s + 107. What is the units digit of i?
7
Suppose 4*r - 3 - 5 = 0. Suppose -r*c = 4*w + 16 - 4, 0 = -w + c. Let s = w + 9. What is the units digit of s?
7
Let n(s) be the third derivative of 